91?
8
What is the units digit of 698010939?
9
What is the ten millions digit of 1217920373?
1
What is the units digit of 2636999565?
5
What is the thousands digit of 30679033?
9
What is the thousands digit of 707034658?
4
What is the ten thousands digit of 234040838?
4
What is the thousands digit of 45411920?
1
What is the millions digit of 96753217?
6
What is the ten millions digit of 5359297512?
5
What is the hundred millions digit of 1429689521?
4
What is the millions digit of 68846406?
8
What is the hundred millions digit of 5861488348?
8
What is the hundred millions digit of 114475297?
1
What is the billions digit of 3278162163?
3
What is the billions digit of 2098974266?
2
What is the ten millions digit of 396810854?
9
What is the units digit of 84922773?
3
What is the tens digit of 90776964?
6
What is the units digit of 57807062?
2
What is the billions digit of 2303107406?
2
What is the tens digit of 108797354?
5
What is the ten thousands digit of 654253280?
5
What is the ten thousands digit of 6849394?
4
What is the units digit of 9447922?
2
What is the hundred thousands digit of 7305153?
3
What is the tens digit of 676669880?
8
What is the thousands digit of 1432543625?
3
What is the units digit of 8903034?
4
What is the ten millions digit of 46374990?
4
What is the hundreds digit of 249841353?
3
What is the tens digit of 33229807?
0
What is the hundred thousands digit of 1961201656?
2
What is the thousands digit of 133482887?
2
What is the hundreds digit of 1674206837?
8
What is the millions digit of 3155050669?
5
What is the hundreds digit of 130793387?
3
What is the ten millions digit of 34390655?
3
What is the units digit of 564585104?
4
What is the hundreds digit of 419635297?
2
What is the millions digit of 1422699857?
2
What is the millions digit of 293060561?
3
What is the hundred thousands digit of 6002001346?
0
What is the thousands digit of 43905526?
5
What is the ten millions digit of 116339389?
1
What is the ten thousands digit of 70121579?
2
What is the thousands digit of 1556433036?
3
What is the hundreds digit of 35328832?
8
What is the ten thousands digit of 78421984?
2
What is the hundreds digit of 348297855?
8
What is the ten thousands digit of 651391844?
9
What is the ten thousands digit of 76302031?
0
What is the billions digit of 5064561454?
5
What is the ten thousands digit of 279110843?
1
What is the hundred thousands digit of 141475655?
4
What is the hundreds digit of 860554021?
0
What is the hundred thousands digit of 198353634?
3
What is the millions digit of 5178051423?
8
What is the hundreds digit of 39674164?
1
What is the tens digit of 3672113776?
7
What is the hundreds digit of 53234486?
4
What is the hundred thousands digit of 1272506473?
5
What is the tens digit of 629194087?
8
What is the units digit of 1710883199?
9
What is the hundred thousands digit of 524780804?
7
What is the hundreds digit of 144905115?
1
What is the ten thousands digit of 181182785?
8
What is the hundreds digit of 1781589?
5
What is the hundred millions digit of 1659261820?
6
What is the hundred thousands digit of 17670996?
6
What is the ten thousands digit of 99867936?
6
What is the thousands digit of 32887158?
7
What is the ten thousands digit of 45956242?
5
What is the hundreds digit of 33446414?
4
What is the millions digit of 76280786?
6
What is the millions digit of 137634930?
7
What is the hundred thousands digit of 2528628178?
6
What is the thousands digit of 7110634?
0
What is the hundreds digit of 37313401?
4
What is the hundred thousands digit of 250262310?
2
What is the millions digit of 4262656?
4
What is the ten thousands digit of 63505178?
0
What is the ten thousands digit of 275081325?
8
What is the tens digit of 386613189?
8
What is the hundreds digit of 108568508?
5
What is the tens digit of 226881590?
9
What is the ten thousands digit of 756509808?
0
What is the ten millions digit of 1950663899?
5
What is the tens digit of 917799655?
5
What is the tens digit of 3008280058?
5
What is the thousands digit of 60888759?
8
What is the hundred millions digit of 501964745?
5
What is the hundred thousands digit of 707866732?
8
What is the tens digit of 2556571313?
1
What is the hundred millions digit of 1902843275?
9
What is the ten millions digit of 1259247159?
5
What is the ten thousands digit of 1281015731?
1
What is the hundred thousands digit of 21577218?
5
What is the ten millions digit of 50605226?
5
What is the ten thousands digit of 2936157540?
5
What is the units digit of 346417840?
0
What is the hundreds digit of 108386085?
0
What is the tens digit of 286578347?
4
What is the tens digit of 187034440?
4
What is the hundred thousands digit of 3235239105?
2
What is the ten thousands digit of 3280930685?
3
What is the millions digit of 152602898?
2
What is the millions digit of 1176311033?
6
What is the tens digit of 1098021598?
9
What is the hundred thousands digit of 13751818?
7
What is the ten thousands digit of 966358893?
5
What is the millions digit of 19355273?
9
What is the hundreds digit of 1377685283?
2
What is the hundreds digit of 1012732713?
7
What is the thousands digit of 4573309079?
9
What is the millions digit of 1788182286?
8
What is the hundreds digit of 175308519?
5
What is the millions digit of 450956097?
0
What is the units digit of 39979041?
1
What is the hundred millions digit of 245779032?
2
What is the ten millions digit of 115682064?
1
What is the hundreds digit of 917984477?
4
What is the hundred thousands digit of 34245542?
2
What is the thousands digit of 111382794?
2
What is the millions digit of 906374180?
6
What is the hundred millions digit of 618313454?
6
What is the ten millions digit of 777689293?
7
What is the millions digit of 321129490?
1
What is the hundreds digit of 1861979524?
5
What is the units digit of 1570883101?
1
What is the millions digit of 37944021?
7
What is the hundreds digit of 533174935?
9
What is the hundred thousands digit of 16392778?
3
What is the tens digit of 313473595?
9
What is the units digit of 77383419?
9
What is the ten millions digit of 56933649?
5
What is the ten millions digit of 99471911?
9
What is the units digit of 45399775?
5
What is the tens digit of 241436089?
8
What is the hundreds digit of 222302156?
1
What is the billions digit of 1547839800?
1
What is the hundreds digit of 160488984?
9
What is the hundred thousands digit of 68607623?
6
What is the hundred thousands digit of 50887671?
8
What is the hundreds digit of 3104798902?
9
What is the millions digit of 62562070?
2
What is the millions digit of 613740679?
3
What is the millions digit of 999450896?
9
What is the tens digit of 8794472?
7
What is the ten millions digit of 109741453?
0
What is the thousands digit of 2147935012?
5
What is the ten millions digit of 268631468?
6
What is the ten millions digit of 2406438813?
0
What is the tens digit of 1085965087?
8
What is the units digit of 328985765?
5
What is the millions digit of 255089008?
5
What is the ten thousands digit of 31808798?
0
What is the millions digit of 114088150?
4
What is the hundred thousands digit of 571453612?
4
What is the thousands digit of 426116916?
6
What is the millions digit of 1296609252?
6
What is the ten thousands digit of 80421395?
2
What is the tens digit of 1355677145?
4
What is the ten millions digit of 68286076?
6
What is the tens digit of 1061068450?
5
What is the tens digit of 645669467?
6
What is the hundred thousands digit of 43495966?
4
What is the millions digit of 393973815?
3
What is the hundreds digit of 40872169?
1
What is the ten millions digit of 1415817746?
1
What is the millions digit of 51132299?
1
What is the units digit of 2949244245?
5
What is the ten thousands digit of 151695697?
9
What is the millions digit of 326471949?
6
What is the units digit of 185348774?
4
What is the thousands digit of 1724153408?
3
What is the units digit of 1023566069?
9
What is the units digit of 176520477?
7
What is the thousands digit of 560208049?
8
What is the units digit of 1466861335?
5
What is the ten millions digit of 459689459?
5
What is the units digit of 19121826?
6
What is the hundred millions digit of 655492897?
6
What is the hundreds digit of 157714488?
4
What is the thousands digi